(-9)?
59
Let k(f) = 9*f + 1. Calculate k(1).
10
Let a(s) = s**3 - 3*s**2 - 6*s + 2. Determine a(5).
22
Let g(m) = -m + 13. What is g(19)?
-6
Let k(q) = -q**2 + 35. Determine k(7).
-14
Let n(w) = -w**2 + 22*w + 316. What is n(-10)?
-4
Let y(c) = -c**3 - 13*c**2 - 17*c - 10. What is y(-12)?
50
Let n(m) = 16*m + 45. Give n(-10).
-115
Let g(p) = p**3 + 9*p**2 - p - 12. Determine g(-9).
-3
Let i(v) = -v**2 - 10*v + 1. Determine i(-6).
25
Let u(n) = -n**2 - 2*n + 12. Determine u(3).
-3
Let w(l) = l**2 - 14*l + 8. What is w(13)?
-5
Let n(a) = -7*a. Calculate n(3).
-21
Let k(u) = u**2 + 2*u - 35. What is k(-7)?
0
Let a(k) = k**2 - 18*k + 32. Determine a(16).
0
Let t(h) = -2*h**3 + 42*h**2 + 46*h - 47. Determine t(22).
-3
Let m(d) = d**2 - 13*d + 7. What is m(12)?
-5
Let t(h) = h**3 + 6*h**2 + 5*h - 4. What is t(-4)?
8
Let o(b) = 3*b - 6. Give o(-4).
-18
Let d(a) = -3*a + 65. Calculate d(-15).
110
Let z(a) = -a**2 - 38*a - 8. Calculate z(-38).
-8
Let w(l) = l + 1. Determine w(0).
1
Let r(l) = l**3 + 13*l**2 + 37*l + 11. Give r(-9).
2
Let g(b) = -b**3 + 38*b**2 - 37*b + 12. Give g(37).
12
Let f(d) = -d**3 - 7*d**2 - 6*d + 9. What is f(-6)?
9
Let t(j) = 8*j + 1. Calculate t(-4).
-31
Let c(s) = 27*s + 49. Determine c(-2).
-5
Let s(k) = -k**3 + 21*k**2 + 20*k + 17. What is s(22)?
-27
Let g(q) = 8*q + 29. What is g(-4)?
-3
Let u(v) = 6*v**2 - v. Calculate u(-1).
7
Let o(t) = 2*t**2 - t + 10. Give o(0).
10
Let c(f) = f**3 + 7*f**2 + 2*f + 22. Give c(-7).
8
Let i(j) = -10*j + 41. What is i(4)?
1
Let a(g) = 6*g**2 + 14*g + 5. Give a(-2).
1
Let l(z) = z**2 + 26*z - 22. Determine l(-27).
5
Let s(t) = -t**3 - 13*t**2 - 34*t - 20. What is s(-10)?
20
Let b(y) = -y**2 + 7*y + 15. Give b(7).
15
Let l(c) = 3*c + 31. Give l(-13).
-8
Let d(p) = -p**3 + 7*p**2 - 6*p + 48. Calculate d(7).
6
Let y(q) = -q**2 + 15*q - 4. What is y(0)?
-4
Let h(x) = x**3 + 8*x**2 + 7*x - 4. Calculate h(-7).
-4
Let m(o) = 3*o**2 - 22*o - 15. Give m(8).
1
Let w(s) = 4*s + 2. Determine w(2).
10
Let u(w) = -w**3 - 4*w**2 - w + 1. Give u(-1).
-1
Let j(k) = -k**3 - 17*k**2 - 2*k - 24. Give j(-17).
10
Let z(n) = -19*n - 12. What is z(-1)?
7
Let n(c) = -c**3 + 13*c**2 - 19*c - 42. Give n(11).
-9
Let d(n) = -n**3 + 14*n**2 - 12*n - 5. Give d(13).
8
Let o(s) = -s**3 - 8*s**2 + 11*s + 15. What is o(-9)?
-3
Let b(m) = 14*m + 105. Calculate b(-8).
-7
Let q(f) = 13*f - 88. What is q(7)?
3
Let i(u) = 5*u - 20. Calculate i(-9).
-65
Let x(o) = o**2 - 9*o + 17. Calculate x(6).
-1
Let j(w) = 3*w**3 + 2*w**2 + 1. Determine j(2).
33
Let f(k) = -k - 63. Give f(-37).
-26
Let i(d) = d + 39. Give i(-5).
34
Let q(u) = u**2 - 26*u - 72. Determine q(30).
48
Let w(k) = 15*k - 11. Give w(1).
4
Let m(r) = r**3 + 12*r**2 + 40*r + 5. Calculate m(-7).
-30
Let m(k) = -2*k**3 + 2*k - 2. Determine m(-3).
46
Let y(g) = g - 14. What is y(0)?
-14
Let d(r) = r**3 + 8*r**2 - 2*r - 7. What is d(-8)?
9
Let w(c) = 39*c - 1. Give w(1).
38
Let c(r) = -7*r - 55. Give c(-9).
8
Let b(a) = a**2 + 10*a - 1. Give b(-10).
-1
Let f(j) = -j**2 + 9*j + 29. Calculate f(-3).
-7
Let a(n) = -n**3 + 8*n**2 - 8*n + 11. Calculate a(7).
4
Let n(s) = 67*s + 2. Calculate n(1).
69
Let x(s) = 13*s - 574. Determine x(44).
-2
Let t(f) = -f**2 + 25*f - 74. Calculate t(3).
-8
Let j(s) = 3*s**2 - 23*s + 7. Calculate j(7).
-7
Let x(s) = -s**3 - 6*s**2 - s + 1. Calculate x(-6).
7
Let w(s) = -5*s + 18. What is w(5)?
-7
Let t(x) = -x**3 - 6*x**2 + 3*x + 51. Give t(-5).
11
Let y(a) = -2*a**2 + 42*a - 19. Determine y(21).
-19
Let n(s) = s - 16. Determine n(4).
-12
Let j(y) = -2*y**2 + 4*y + 12. What is j(-2)?
-4
Let z(f) = -f**2 - 5*f + 10. What is z(-7)?
-4
Let j(z) = -z**3 - 22*z**2 + 51*z + 50. Determine j(-24).
-22
Let w(g) = -g**3 + 6*g**2 - g + 5. Give w(6).
-1
Let x(i) = i**3 - i**2 + i + 2. What is x(0)?
2
Let q(p) = -p**3 + p**2 + p - 35. Give q(0).
-35
Let d(w) = 3*w - 76. What is d(0)?
-76
Let r(k) = k - 16. What is r(18)?
2
Let z(f) = 2*f**2 + 6*f + 12. Calculate z(-5).
32
Let a(q) = 2*q**3 - q**2 + q - 1. Calculate a(1).
1
Let v(w) = 3*w + 39. Calculate v(22).
105
Let t(n) = n**3 - 12*n**2 + 9*n + 8. Give t(11).
-14
Let g(v) = v**2 - 7*v - 18. What is g(9)?
0
Let p(s) = s**3 + 14*s**2 + 12*s - 8. What is p(-13)?
5
Let p(u) = 2*u**3 + 3*u**2 - 2*u - 9. Determine p(-4).
-81
Let r(t) = -t**3 - 5*t**2 - 6*t - 3. Determine r(-4).
5
Let v(d) = d**3 - 5*d**2 - 9*d - 25. Determine v(7).
10
Let d(u) = u**3 + 13*u**2 + 10*u - 18. Give d(-12).
6
Let p(i) = i**2 - i - 20. What is p(5)?
0
Let i(k) = -k**3 - 4*k**2 + 4*k + 7. Calculate i(-5).
12
Let h(q) = q + 11. Calculate h(8).
19
Let s(y) = y + 18. What is s(-17)?
1
Let o(g) = -g**3 - 10*g**2 + g + 12. Calculate o(-10).
2
Let d(v) = -10*v**3 + v**2 - 5*v - 1. Give d(-2).
93
Let t(b) = b**3 - 6*b**2 - 6*b - 8. What is t(7)?
-1
Let m(x) = -49*x - 2. Determine m(-3).
145
Let w(g) = -g**3 + 41*g**2 - 84*g + 227. Determine w(39).
-7
Let y(a) = -a + 2. Give y(-12).
14
Let x(u) = 3*u - 10. Calculate x(4).
2
Let t(y) = 3*y**2 + 3*y + 44. What is t(0)?
44
Let v(f) = f**2 + 10*f + 28. Give v(-6).
4
Let b(k) = -k**3 - 43*k**2 + 87*k - 110. Calculate b(-45).
25
Let t(r) = r**3 + 5*r**2 - 3*r + 3. Give t(-5).
18
Let r(a) = -a**3 + 15*a**2 + 8*a + 19. What is r(16)?
-109
Let b(z) = -5*z**3 - 4*z**2 - z + 4. Calculate b(-2).
30
Let m(w) = -7*w - 1. Calculate m(1).
-8
Let m(c) = 4*c - 3. What is m(-2)?
-11
Let k(d) = -16*d - 90. What is k(-5)?
-10
Let r(y) = -3*y + 27. Determine r(8).
3
Let h(x) = x**3 - 8*x**2 - 12*x + 9. What is h(9)?
-18
Let a(d) = -2*d**2 + 5*d - 6. Determine a(4).
-18
Let i(o) = -2*o**3 - 2*o**2 + 5*o + 4. Give i(-3).
25
Let b(f) = f - 2. Calculate b(8).
6
Let r(h) = 4*h**3 - 2*h**2 + 2. Calculate r(-1).
-4
Let j(p) = p**2 - 15*p + 22. Give j(2).
-4
Let w(u) = -u**3 - 8*u**2 - 7*u + 4. What is w(-7)?
4
Let z(a) = 24*a + 3. Give z(-2).
-45
Let o(m) = m**2 + 5*m - 45. Give o(5).
5
Let h(l) = 14*l + 124. What is h(-10)?
-16
Let g(y) = 2*y + 2. Determine g(8).
18
Let p(z) = -2*z + 21. Give p(14).
-7
Let b(y) = -6*y - 28. Determine b(-5).
2
Let i(f) = 2*f**2 - 4*f + 3. Determine i(4).
19
Let i(t) = t**3 - 17*t**2 + 46*t - 13. Give i(14).
43
Let c(n) = -n**3 + 29*n**2 - 120*n - 1. What is c(24)?
-1
Let z(q) = 2*q**2 - 3*q + 30. Calculate z(0).
30
Let w(p) = 7*p**2 + p - 20. Give w(4).
96
Let m(g) = g + 32. Give m(-7).
25
Let y(x) = -2*x**2 - 26*x - 19. Calculate y(-12).
5
Let v(s) = -s - 13. Determine v(-16).
3
Let y(h) = h**2 - 45*h + 100. What is y(43)?
14
Let d(c) = -7*c + 15. Determine d(-5).
50
Let o(n) = -8*n**3 + 2*n**2 - n. What is o(1)?
-7
Let j(a) = -3*a**2 + 58*a + 19. What is j(20)?
-21
Let l(k) = 2*k**3 - 27*k**2 - 19*k + 75. Determine l(14).
5
Let m(i) = i**2 - 7*i + 14. What is m(4)?
2
Let j(o) = -8*o - 554. Give j(-69).
-2
Let l(d) = -d**3 - 11*d**2 - 12*d - 15. What is l(-10)?
5
Let r(q) = q**3 + 6*q**2 - 8*q - 2. What is r(-7)?
5
Let n(q) = -q - 8. What is n(-11)?
3
Let f(l) = -2*l**3 - 38*l**2 - 38*l - 20. Give f(-18).
16
Let p(c) = 8*c - 102. Give p(13).
2
Let m(a) = -a**2 + 5*a - 10. Give m(4).
-6
Let m(o) = -o**3 + 2*o**2 + 9*o - 16. Calculate m(3).
2
Let o(w) = w - 3. What is o(6)?
3
Let y(u) = -7*u + 7. Calculate y(2).
-7
Let x(s) = 7*s - 19. Give x(6).
23
Let y(v) = -2*v**3 - 2*v + 7. What is y(0)?
7
Let o(s) = s**3 - 15*s**2 + 17*s - 39. Give o(14).
3
Let t(y) = -12*y - 45. Determine t(-4).
3
Let z(g) = 4*g - 16. Determine z(9).
20
Let c(v) = -v**3 + 4*v**2 + 2*v - 1. What is c(4)?
7
Let u(d) = -24*d - 88. Give u(-5).
32
Let d(c) = -c**3 + 8*c**2 - 9*c + 6. What is d(7)?
-8
Let f(o) = -o**2 - 12*o + 7. What is f(-10)?
27
Let m(z) = z**3 + 23*z**2 - 109*z - 3. Determine m(-27).
24
Let c(o) = o**2 + o - 39. Calculate c(0).
-39
Let n(x) = -10*x**3 - 2*x**2 + x. Determine n(1).
-11
Let i(o) = -o**2 + 9*o - 1. Determine i(7).
13
Let o(b) = b**2 + 3*b - 9. Calculate o(6).
45
Let y(g) = 6*g**2 - 8*g + 5. Calculate y(1).
3
Let z(d) = 3*d**2 + 73*d + 150. What is z(-22)?
-4
Let z(b) = -10*b**2 + 15*b - 13. Determine z(2).
-23
Let z(q) = -q**2 - 17*q - 12. Determine z(-12).
48
Let q(o) = -3*o**2 - 14*o + 30. What is q(2)?
-10
Let h(p) = -2*p**2 + 5*p + 15. What is h(-2)?
-3
Let z(c) = c - 30. Calculate z(8).
-22
Let t(r) = 19*r + 105. Give t(-6).
-9
Let p(o) = -o + 21. Give p(16).
5
Let k(v) = 2*v